{"id":2893,"date":"2025-02-26T15:06:19","date_gmt":"2025-02-26T21:06:19","guid":{"rendered":"https:\/\/ccm-wordpress.aidgreen.mx\/?page_id=2893"},"modified":"2025-02-27T14:14:36","modified_gmt":"2025-02-27T20:14:36","slug":"seminarios","status":"publish","type":"page","link":"https:\/\/ccm-wordpress.aidgreen.mx\/?page_id=2893","title":{"rendered":"Seminarios"},"content":{"rendered":"<div class=\"wpb-content-wrapper\"><p>[vc_row][vc_column][\/vc_column][\/vc_row][vc_row overlay_dotted=&#8221;&#8221;][vc_column]\r\n    <!-- Blog Start -->\r\n    <div class=\"krth-blog-one krth-blog-col-3  krth-post-69dd6b0774028 \">\r\n\r\n      \r\n      <div id=\"post-2856\" class=\"krth-blog-post post-2856 post type-post status-publish format-aside has-post-thumbnail hentry category-seminarios-anteriores tag-accion-climatica tag-accion-climatica-subnacional tag-cambio-climatico tag-desarrollo-sostenible post_format-post-format-aside\">\r\n\r\n                <div class=\"featured-image rounded-three\">\r\n          <img decoding=\"async\" src=\"https:\/\/ccm-wordpress.aidgreen.mx\/wp-content\/uploads\/2025\/02\/Plantilla-postales-Fase-I.pptx-1-370x260.jpg\" alt=\"Seminario 53: Econom\u00eda circular de los pl\u00e1sticos, implicaciones y gu\u00eda para gobiernos subnacionales\">\r\n        <\/div>\r\n        \r\n        <!-- Content -->\r\n        <div class=\"bp-content\">\r\n\r\n          <!-- Metas -->\r\n          <div class=\"bp-top-meta\">\r\n                        <div class=\"bp-cat\">\r\n              <a href=\"https:\/\/ccm-wordpress.aidgreen.mx\/?cat=80\" rel=\"category\">Seminarios Anteriores<\/a>            <\/div>\r\n                        <div class=\"bp-author\">\r\n              <span>by <a href=\"https:\/\/ccm-wordpress.aidgreen.mx\/?author=1\" rel=\"author\">admin<\/a><\/span>            <\/div>\r\n                      <\/div>\r\n          <!-- Metas -->\r\n\r\n          <a href=\"https:\/\/ccm-wordpress.aidgreen.mx\/?p=2856\" class=\"bp-heading\">Seminario 53: Econom\u00eda circular de los pl\u00e1sticos, implicaciones y gu\u00eda para gobiernos subnacionales<\/a>\r\n                    <p>El Seminario 53, organizado por la Comunidad Clim\u00e1tica Mexicana, reuni\u00f3 a expertas y expertos del Fondo Mundial para la Naturaleza[&#8230;]<\/p>\r\n          <a href=\"https:\/\/ccm-wordpress.aidgreen.mx\/?p=2856\" class=\"bp-read-more\">\r\n            Ver m\u00e1s          <\/a>\r\n                    <div class=\"bp-bottom-comments\">\r\n            <span><\/span>          <\/div>\r\n                  <\/div>\r\n        <!-- Content -->\r\n\r\n        <\/div><!-- #post-## -->\r\n\r\n      \r\n      <div id=\"post-2837\" class=\"krth-blog-post post-2837 post type-post status-publish format-aside has-post-thumbnail hentry category-seminarios-anteriores tag-accion-climatica tag-accion-climatica-subnacional tag-cambio-climatico tag-financiamiento-sostenible post_format-post-format-aside\">\r\n\r\n                <div class=\"featured-image rounded-three\">\r\n          <img decoding=\"async\" src=\"https:\/\/ccm-wordpress.aidgreen.mx\/wp-content\/uploads\/2024\/11\/Postal_Anuncio.pptx-2-370x260.jpg\" alt=\"Seminario 52: Presentaci\u00f3n del Diagn\u00f3stico Estatal de las Capacidades Institucionales para la Acci\u00f3n Clim\u00e1tica\u00a0\">\r\n        <\/div>\r\n        \r\n        <!-- Content -->\r\n        <div class=\"bp-content\">\r\n\r\n          <!-- Metas -->\r\n          <div class=\"bp-top-meta\">\r\n                        <div class=\"bp-cat\">\r\n              <a href=\"https:\/\/ccm-wordpress.aidgreen.mx\/?cat=80\" rel=\"category\">Seminarios Anteriores<\/a>            <\/div>\r\n                        <div class=\"bp-author\">\r\n              <span>by <a href=\"https:\/\/ccm-wordpress.aidgreen.mx\/?author=1\" rel=\"author\">admin<\/a><\/span>            <\/div>\r\n                      <\/div>\r\n          <!-- Metas -->\r\n\r\n          <a href=\"https:\/\/ccm-wordpress.aidgreen.mx\/?p=2837\" class=\"bp-heading\">Seminario 52: Presentaci\u00f3n del Diagn\u00f3stico Estatal de las Capacidades Institucionales para la Acci\u00f3n Clim\u00e1tica\u00a0<\/a>\r\n                    <p>El Seminario 52 organizado por la Comunidad Clim\u00e1tica Mexicana present\u00f3 los resultados del Diagn\u00f3stico Estatal de las Capacidades Institucionales para[&#8230;]<\/p>\r\n          <a href=\"https:\/\/ccm-wordpress.aidgreen.mx\/?p=2837\" class=\"bp-read-more\">\r\n            Ver m\u00e1s          <\/a>\r\n                    <div class=\"bp-bottom-comments\">\r\n            <span><\/span>          <\/div>\r\n                  <\/div>\r\n        <!-- Content -->\r\n\r\n        <\/div><!-- #post-## -->\r\n\r\n      \r\n      <div id=\"post-2816\" class=\"krth-blog-post post-2816 post type-post status-publish format-aside has-post-thumbnail hentry category-material-orientativo category-seminarios-anteriores tag-accion-climatica tag-accion-climatica-subnacional tag-cambio-climatico tag-desarrollo-sostenible tag-descarbonizacion tag-equidad-de-genero-e-inclusion-social tag-financiamiento-sostenible post_format-post-format-aside\">\r\n\r\n                <div class=\"featured-image rounded-three\">\r\n          <img decoding=\"async\" src=\"https:\/\/ccm-wordpress.aidgreen.mx\/wp-content\/uploads\/2024\/10\/handshake-5768632_1280-370x260.jpg\" alt=\"Mesa Redonda: Continuidad y coordinaci\u00f3n de proyectos clim\u00e1ticos en gobiernos subnacionales: Enfoques para la transici\u00f3n\u00a0\">\r\n        <\/div>\r\n        \r\n        <!-- Content -->\r\n        <div class=\"bp-content\">\r\n\r\n          <!-- Metas -->\r\n          <div class=\"bp-top-meta\">\r\n                        <div class=\"bp-cat\">\r\n              <a href=\"https:\/\/ccm-wordpress.aidgreen.mx\/?cat=64\" rel=\"category\">Material orientativo<\/a> <a href=\"https:\/\/ccm-wordpress.aidgreen.mx\/?cat=80\" rel=\"category\">Seminarios Anteriores<\/a>            <\/div>\r\n                        <div class=\"bp-author\">\r\n              <span>by <a href=\"https:\/\/ccm-wordpress.aidgreen.mx\/?author=1\" rel=\"author\">admin<\/a><\/span>            <\/div>\r\n                      <\/div>\r\n          <!-- Metas -->\r\n\r\n          <a href=\"https:\/\/ccm-wordpress.aidgreen.mx\/?p=2816\" class=\"bp-heading\">Mesa Redonda: Continuidad y coordinaci\u00f3n de proyectos clim\u00e1ticos en gobiernos subnacionales: Enfoques para la transici\u00f3n\u00a0<\/a>\r\n                    <p>La mesa redonda se llev\u00f3 a cabo en un momento clave tras las elecciones de 2024 en M\u00e9xico, donde se[&#8230;]<\/p>\r\n          <a href=\"https:\/\/ccm-wordpress.aidgreen.mx\/?p=2816\" class=\"bp-read-more\">\r\n            Ver m\u00e1s          <\/a>\r\n                    <div class=\"bp-bottom-comments\">\r\n            <span><\/span>          <\/div>\r\n                  <\/div>\r\n        <!-- Content -->\r\n\r\n        <\/div><!-- #post-## -->\r\n\r\n      \r\n      <div id=\"post-2717\" class=\"krth-blog-post post-2717 post type-post status-publish format-aside has-post-thumbnail hentry category-seminarios-anteriores tag-accion-climatica tag-accion-climatica-subnacional tag-adaptacion tag-cambio-climatico post_format-post-format-aside\">\r\n\r\n                <div class=\"featured-image rounded-three\">\r\n          <img decoding=\"async\" src=\"https:\/\/ccm-wordpress.aidgreen.mx\/wp-content\/uploads\/2024\/07\/Plantilla-postales-Fase-I.pptx-1-370x260.jpg\" alt=\"Seminario en l\u00ednea I Adaptaci\u00f3n y resiliencia: La utilidad de los sistemas estatales de alerta temprana\">\r\n        <\/div>\r\n        \r\n        <!-- Content -->\r\n        <div class=\"bp-content\">\r\n\r\n          <!-- Metas -->\r\n          <div class=\"bp-top-meta\">\r\n                        <div class=\"bp-cat\">\r\n              <a href=\"https:\/\/ccm-wordpress.aidgreen.mx\/?cat=80\" rel=\"category\">Seminarios Anteriores<\/a>            <\/div>\r\n                        <div class=\"bp-author\">\r\n              <span>by <a href=\"https:\/\/ccm-wordpress.aidgreen.mx\/?author=1\" rel=\"author\">admin<\/a><\/span>            <\/div>\r\n                      <\/div>\r\n          <!-- Metas -->\r\n\r\n          <a href=\"https:\/\/ccm-wordpress.aidgreen.mx\/?p=2717\" class=\"bp-heading\">Seminario en l\u00ednea I Adaptaci\u00f3n y resiliencia: La utilidad de los sistemas estatales de alerta temprana<\/a>\r\n                    <p>El pasado 16 de julio sostuvimos nuestro seminario virtual n\u00famero 50: Adaptaci\u00f3n y resiliencia: La utilidad de los sistemas estatales[&#8230;]<\/p>\r\n          <a href=\"https:\/\/ccm-wordpress.aidgreen.mx\/?p=2717\" class=\"bp-read-more\">\r\n            Ver m\u00e1s          <\/a>\r\n                    <div class=\"bp-bottom-comments\">\r\n            <span><\/span>          <\/div>\r\n                  <\/div>\r\n        <!-- Content -->\r\n\r\n        <\/div><!-- #post-## -->\r\n\r\n      \r\n      <div id=\"post-2702\" class=\"krth-blog-post post-2702 post type-post status-publish format-aside has-post-thumbnail hentry category-seminarios-anteriores post_format-post-format-aside\">\r\n\r\n                <div class=\"featured-image rounded-three\">\r\n          <img decoding=\"async\" src=\"https:\/\/ccm-wordpress.aidgreen.mx\/wp-content\/uploads\/2024\/05\/Plantilla-postales-Fase-I.pptx-3-370x260.jpg\" alt=\"Seminario en l\u00ednea | 3er aniversario de la Comunidad Clim\u00e1tica Mexicana (CCM)\">\r\n        <\/div>\r\n        \r\n        <!-- Content -->\r\n        <div class=\"bp-content\">\r\n\r\n          <!-- Metas -->\r\n          <div class=\"bp-top-meta\">\r\n                        <div class=\"bp-cat\">\r\n              <a href=\"https:\/\/ccm-wordpress.aidgreen.mx\/?cat=80\" rel=\"category\">Seminarios Anteriores<\/a>            <\/div>\r\n                        <div class=\"bp-author\">\r\n              <span>by <a href=\"https:\/\/ccm-wordpress.aidgreen.mx\/?author=1\" rel=\"author\">admin<\/a><\/span>            <\/div>\r\n                      <\/div>\r\n          <!-- Metas -->\r\n\r\n          <a href=\"https:\/\/ccm-wordpress.aidgreen.mx\/?p=2702\" class=\"bp-heading\">Seminario en l\u00ednea | 3er aniversario de la Comunidad Clim\u00e1tica Mexicana (CCM)<\/a>\r\n                    <p>Enfrentar la crisis clim\u00e1tica requiere de la participaci\u00f3n e involucramiento de todos los sectores econ\u00f3micos y de la poblaci\u00f3n. Los[&#8230;]<\/p>\r\n          <a href=\"https:\/\/ccm-wordpress.aidgreen.mx\/?p=2702\" class=\"bp-read-more\">\r\n            Ver m\u00e1s          <\/a>\r\n                    <div class=\"bp-bottom-comments\">\r\n            <a href=\"https:\/\/ccm-wordpress.aidgreen.mx\/?p=2702#comments\"><i class=\"icon-speech\"><\/i><span>6<\/span><\/a>          <\/div>\r\n                  <\/div>\r\n        <!-- Content -->\r\n\r\n        <\/div><!-- #post-## -->\r\n\r\n      \r\n      <div id=\"post-2667\" class=\"krth-blog-post post-2667 post type-post status-publish format-aside has-post-thumbnail hentry category-seminarios-anteriores tag-accion-climatica tag-accion-climatica-subnacional tag-cambio-climatico tag-desarrollo-sostenible post_format-post-format-aside\">\r\n\r\n                <div class=\"featured-image rounded-three\">\r\n          <img decoding=\"async\" src=\"https:\/\/ccm-wordpress.aidgreen.mx\/wp-content\/uploads\/2024\/04\/Plantilla-postales-Fase-I.pptx-1-370x260.png\" alt=\"Seminario en l\u00ednea I Pol\u00edticas de econom\u00eda circular a nivel local y su relaci\u00f3n con el cambio clim\u00e1tico\">\r\n        <\/div>\r\n        \r\n        <!-- Content -->\r\n        <div class=\"bp-content\">\r\n\r\n          <!-- Metas -->\r\n          <div class=\"bp-top-meta\">\r\n                        <div class=\"bp-cat\">\r\n              <a href=\"https:\/\/ccm-wordpress.aidgreen.mx\/?cat=80\" rel=\"category\">Seminarios Anteriores<\/a>            <\/div>\r\n                        <div class=\"bp-author\">\r\n              <span>by <a href=\"https:\/\/ccm-wordpress.aidgreen.mx\/?author=1\" rel=\"author\">admin<\/a><\/span>            <\/div>\r\n                      <\/div>\r\n          <!-- Metas -->\r\n\r\n          <a href=\"https:\/\/ccm-wordpress.aidgreen.mx\/?p=2667\" class=\"bp-heading\">Seminario en l\u00ednea I Pol\u00edticas de econom\u00eda circular a nivel local y su relaci\u00f3n con el cambio clim\u00e1tico<\/a>\r\n                    <p>\u00bfConoces el v\u00ednculo entre la econom\u00eda circular y la acci\u00f3n clim\u00e1tica? El pasado 24 de abril a sostuvimos nuestro seminario[&#8230;]<\/p>\r\n          <a href=\"https:\/\/ccm-wordpress.aidgreen.mx\/?p=2667\" class=\"bp-read-more\">\r\n            Ver m\u00e1s          <\/a>\r\n                    <div class=\"bp-bottom-comments\">\r\n            <a href=\"https:\/\/ccm-wordpress.aidgreen.mx\/?p=2667#comments\"><i class=\"icon-speech\"><\/i><span>6<\/span><\/a>          <\/div>\r\n                  <\/div>\r\n        <!-- Content -->\r\n\r\n        <\/div><!-- #post-## -->\r\n\r\n      \r\n    <\/div>\r\n    <!-- Blog End -->\r\n\r\n    <div class='wp-pagenavi' role='navigation'>\n<span class='pages'>P\u00e1gina 1 de 8<\/span><span aria-current='page' class='current'>1<\/span><a class=\"page larger\" title=\"P\u00e1gina 2\" href=\"https:\/\/ccm-wordpress.aidgreen.mx\/index.php?rest_route=%2Fwp%2Fv2%2Fpages%2F2893&#038;paged=2\">2<\/a><a class=\"page larger\" title=\"P\u00e1gina 3\" href=\"https:\/\/ccm-wordpress.aidgreen.mx\/index.php?rest_route=%2Fwp%2Fv2%2Fpages%2F2893&#038;paged=3\">3<\/a><a class=\"page larger\" title=\"P\u00e1gina 4\" href=\"https:\/\/ccm-wordpress.aidgreen.mx\/index.php?rest_route=%2Fwp%2Fv2%2Fpages%2F2893&#038;paged=4\">4<\/a><a class=\"page larger\" title=\"P\u00e1gina 5\" href=\"https:\/\/ccm-wordpress.aidgreen.mx\/index.php?rest_route=%2Fwp%2Fv2%2Fpages%2F2893&#038;paged=5\">5<\/a><span class='extend'>...<\/span><a class=\"nextpostslink\" rel=\"next\" aria-label=\"P\u00e1gina siguiente\" href=\"https:\/\/ccm-wordpress.aidgreen.mx\/index.php?rest_route=%2Fwp%2Fv2%2Fpages%2F2893&#038;paged=2\">&raquo;<\/a><a class=\"last\" aria-label=\"Last Page\" href=\"https:\/\/ccm-wordpress.aidgreen.mx\/index.php?rest_route=%2Fwp%2Fv2%2Fpages%2F2893&#038;paged=8\">\u00daltimo &raquo;<\/a>\n<\/div>[\/vc_column][\/vc_row]<\/p>\n<\/div>","protected":false},"excerpt":{"rendered":"[vc_row][vc_column][\/vc_column][\/vc_row][vc_row overlay_dotted=&#8221;&#8221;][vc_column][\/vc_column][\/vc_row]","protected":false},"author":1,"featured_media":0,"parent":0,"menu_order":7,"comment_status":"closed","ping_status":"closed","template":"","meta":{"footnotes":""},"class_list":["post-2893","page","type-page","status-publish","hentry"],"_links":{"self":[{"href":"https:\/\/ccm-wordpress.aidgreen.mx\/index.php?rest_route=\/wp\/v2\/pages\/2893","targetHints":{"allow":["GET"]}}],"collection":[{"href":"https:\/\/ccm-wordpress.aidgreen.mx\/index.php?rest_route=\/wp\/v2\/pages"}],"about":[{"href":"https:\/\/ccm-wordpress.aidgreen.mx\/index.php?rest_route=\/wp\/v2\/types\/page"}],"author":[{"embeddable":true,"href":"https:\/\/ccm-wordpress.aidgreen.mx\/index.php?rest_route=\/wp\/v2\/users\/1"}],"replies":[{"embeddable":true,"href":"https:\/\/ccm-wordpress.aidgreen.mx\/index.php?rest_route=%2Fwp%2Fv2%2Fcomments&post=2893"}],"version-history":[{"count":6,"href":"https:\/\/ccm-wordpress.aidgreen.mx\/index.php?rest_route=\/wp\/v2\/pages\/2893\/revisions"}],"predecessor-version":[{"id":2955,"href":"https:\/\/ccm-wordpress.aidgreen.mx\/index.php?rest_route=\/wp\/v2\/pages\/2893\/revisions\/2955"}],"wp:attachment":[{"href":"https:\/\/ccm-wordpress.aidgreen.mx\/index.php?rest_route=%2Fwp%2Fv2%2Fmedia&parent=2893"}],"curies":[{"name":"wp","href":"https:\/\/api.w.org\/{rel}","templated":true}]}}