{"id":3,"date":"2025-01-06T22:13:27","date_gmt":"2025-01-06T22:13:27","guid":{"rendered":"https:\/\/ccm-wordpress.aidgreen.mx\/?page_id=3"},"modified":"2025-03-04T17:30:29","modified_gmt":"2025-03-04T23:30:29","slug":"privacy-policy","status":"publish","type":"page","link":"https:\/\/ccm-wordpress.aidgreen.mx\/?page_id=3","title":{"rendered":"Aviso de privacidad"},"content":{"rendered":"\r\n<h1 class=\"entry-title main_title\">Aviso de privacidad<\/h1>\r\n<div class=\"entry-content\">\r\n<p style=\"text-align: justify;\">De conformidad con las disposiciones establecidas en la Ley Federal de Protecci\u00f3n de Datos Personales en Posesi\u00f3n de Particulares (la \u201cLey\u201d), y dem\u00e1s relacionadas, nos permitimos informarle mediante este documento, sobre las caracter\u00edsticas y finalidades del tratamiento que se dar\u00e1 a sus datos personales que obran en posesi\u00f3n del\u00a0<strong>CENTRO DE TRANSPORTE SUSTENTABLE DE M\u00c9XICO, A.C. e INICIATIVA CLIMATICA DE MEXICO, A.C. (en adelante las \u201cORGANIZACIONES\u201d)\u00a0<\/strong>en el marco de las actividades correspondientes al proyecto \u201c<strong>COMUNIDAD CLIM\u00c1TICA MEXICANA\u201d (en adelante la \u201cCCM\u201d).<\/strong><\/p>\r\n<ol class=\"wp-block-list\" style=\"text-align: justify;\">\r\n<li><strong>IDENTIDAD Y DOMICILIO DEL RESPONSABLE<\/strong><\/li>\r\n<\/ol>\r\n<p style=\"text-align: justify;\"><strong>INICIATIVA CLIMATICA DE MEXICO, A.C.<\/strong>\u00a0es una Asociaci\u00f3n Civil constituida conforme a las Leyes de los Estados Unidos Mexicanos, se encuentra ubicada en: con domicilio establecido en Amores 1120, Interior 102, Colonia del Valle, Alcald\u00eda Benito Ju\u00e1rez, Ciudad de M\u00e9xico, C.P.03100, con n\u00famero de tel\u00e9fono: 55 5335 1282, y correo electr\u00f3nico:\u00a0<a href=\"mailto:contacto@iniciativaclimatica.org\">contacto@iniciativaclimatica.org<\/a>, hace de su conocimiento la Pol\u00edtica de Protecci\u00f3n de Datos de Car\u00e1cter Personal, en cumplimiento a la Ley Federal de Protecci\u00f3n de Datos Personales en Posesi\u00f3n de los Particulares, y le informa que sus datos personales, que hayan sido recabados actualmente o sean recabados en el futuro, ser\u00e1n tratados y\/o utilizados por la ORGANIZACI\u00d3N, y\/o por aquellos terceros que, por la naturaleza de su trabajo o funciones, tengan necesidad de tratar y\/o utilizar sus datos personales, \u00fanicamente con las finalidades que se describen en el presente Aviso.<\/p>\r\n<p style=\"text-align: justify;\"><strong>CENTRO DE TRANSPORTE SUSTENTABLE DE M\u00c9XICO, A.C.\u00a0<\/strong>es una Asociaci\u00f3n Civil con nombre comercial de WORLD RESOURCES INSTITUTE M\u00c9XICO con domicilio en Belisario Dom\u00ednguez 8, Planta alta, Alcald\u00eda Coyoac\u00e1n, C.P. 04100 Ciudad de M\u00e9xico, CDMX, es responsable de recabar sus datos personales, del uso que se le d\u00e9 a los mismos y de su protecci\u00f3n.<\/p>\r\n<p style=\"text-align: justify;\">Ambas organizaciones se denominar\u00e1n en lo sucesivo como la \u201cORGANIZACIONES\u201d, quienes se encuentran colaborando en el proyecto para fortalecer la acci\u00f3n clim\u00e1tica a nivel subnacional a trav\u00e9s del proyecto de la \u201cCCM\u201d.<\/p>\r\n<ol class=\"wp-block-list\" style=\"text-align: justify;\" start=\"2\">\r\n<li><strong>EL TRATAMIENTO DE SUS DATOS PERSONALES.<\/strong><\/li>\r\n<\/ol>\r\n<p style=\"text-align: justify;\">Las \u201cORGANIZACIONES\u201d recabamos sus datos personales para los efectos mencionados en el presente Aviso de Privacidad declarando que los mismos se manejar\u00e1n con la debida confidencialidad exigida por la legislaci\u00f3n mexicana vigente.<\/p>\r\n<p style=\"text-align: justify;\">Para los efectos del presente aviso, se consideran datos personales, cualquier informaci\u00f3n concerniente a una persona f\u00edsica o persona moral identificada o identificable, y tratada y resguardada con base en los principios de licitud, calidad, consentimiento, informaci\u00f3n, finalidad, lealtad, proporcionalidad y responsabilidad, principios que se encuentran consagrados en la Ley Federal de Protecci\u00f3n de Datos Personales en Posesi\u00f3n de los Particulares.<\/p>\r\n<p style=\"text-align: justify;\">No recabamos ni almacenamos ning\u00fan dato de car\u00e1cter sensible, en caso de que Usted nos proporcione alg\u00fan dato considerado de esta naturaleza, las \u201cORGANIZACIONES\u201d lo eliminar\u00e1n inmediatamente de su sistema y\/o medios de almacenamiento.<\/p>\r\n<ol class=\"wp-block-list\" style=\"text-align: justify;\" start=\"3\">\r\n<li><strong>FINALIDAD EN EL TRATAMIENTO DE SUS DATOS PERSONALES:<\/strong><\/li>\r\n<\/ol>\r\n<p style=\"text-align: justify;\">Recopilamos sus datos personales, por lo que solicitamos su consentimiento a trav\u00e9s del presente Aviso de Privacidad con el objeto de utilizarlos para los siguientes fines:<\/p>\r\n<ol class=\"wp-block-list\" style=\"text-align: justify;\">\r\n<li>Contactarlo para comunicarle nuestros logros;<\/li>\r\n<li>Atender sus dudas, quejas y sugerencias respecto a los objetos sociales de las \u201cORGANIZACIONES\u201d;<\/li>\r\n<li>Enviarle nuestras publicaciones y comunicaciones especializadas;<\/li>\r\n<li>Invitarlo a participar en eventos, seminarios, talleres y conferencias, entre otros;<\/li>\r\n<li>Para informarle de cualquier cambio en el aviso de privacidad integral necesario, o alguna eventualidad urgente o que deba ser conocida por usted durante el tratamiento de sus datos personales.\u00a0<\/li>\r\n<\/ol>\r\n<ol class=\"wp-block-list\" style=\"text-align: justify;\" start=\"4\">\r\n<li><strong>\u00bfQU\u00c9 DATOS PERSONALES RECABAMOS Y UTILIZAMOS SOBRE USTED?<\/strong><\/li>\r\n<\/ol>\r\n<p style=\"text-align: justify;\">Los datos personales que podr\u00e1n ser recabados de usted incluyen pero no se limitan a:\u00a0<\/p>\r\n<p style=\"text-align: justify;\">Nombre completo, fecha de nacimiento, lugar de residencia, ocupaci\u00f3n, correo electr\u00f3nico, direcci\u00f3n, n\u00famero telef\u00f3nico, organizaci\u00f3n a la que pertenece, cargo dentro de la organizaci\u00f3n y sector al que pertenece la organizaci\u00f3n.<\/p>\r\n<p style=\"text-align: justify;\">La informaci\u00f3n que proporcione deber\u00e1 ser veraz y completa. Por lo que queda bajo su responsabilidad la veracidad de los datos proporcionados y en ning\u00fan caso las \u201cORGANIZACIONES\u201d ser\u00e1n responsable a este respecto.<\/p>\r\n<p style=\"text-align: justify;\">La informaci\u00f3n proporcionada ya sea de manera directa en el portal Web de la \u201cCCM\u201d (https:\/\/www.comunidadclimaticamexicana.mx), por correo electr\u00f3nico o cualquier otro medio relacionado con la \u201cCCM\u201d, estar\u00e1 sujeta a lo establecido en el presente Aviso de Privacidad.<\/p>\r\n<ol class=\"wp-block-list\" style=\"text-align: justify;\" start=\"5\">\r\n<li><strong>\u00bfCON QUI\u00c9N COMPARTIMOS SU INFORMACI\u00d3N PERSONAL Y PARA QU\u00c9 FINES?<\/strong><\/li>\r\n<\/ol>\r\n<p style=\"text-align: justify;\">Las ORGANIZACIONES como responsables del tratamiento de sus datos personales no transferimos los datos a terceros p\u00fablicos o privados, salvo a las autoridades competentes en los supuestos establecidos en la Ley.<\/p>\r\n<ol class=\"wp-block-list\" style=\"text-align: justify;\" start=\"6\">\r\n<li><strong>MEDIOS PARA LIMITAR EL USO O DIVULGACI\u00d3N DE SUS DATOS PERSONALES:\u00a0<\/strong><\/li>\r\n<\/ol>\r\n<p style=\"text-align: justify;\">Hacemos de su conocimiento que sus datos personales ser\u00e1n resguardados bajo estrictas medidas de seguridad administrativas, t\u00e9cnicas y f\u00edsicas las cuales han sido implementadas con el objeto de protegerlos contra da\u00f1o, p\u00e9rdida, alteraci\u00f3n, destrucci\u00f3n o el uso, acceso o tratamiento no autorizados. En el caso de existir alguna contingencia que ponga en riesgo el tratamiento de sus datos personales durante el tiempo que la ley nos faculta mantenerlos en nuestra base de datos, se lo comunicaremos a la direcci\u00f3n electr\u00f3nica, tel\u00e9fono, o domicilio que nos sea proporcionado por usted.<\/p>\r\n<p style=\"text-align: justify;\"><strong>Adem\u00e1s, y con el objeto de que usted pueda limitar el uso y divulgaci\u00f3n de su informaci\u00f3n personal, le ofrecemos los siguientes medios:<\/strong><\/p>\r\n<p style=\"text-align: justify;\">Su inscripci\u00f3n en el Registro P\u00fablico para Evitar Publicidad, que est\u00e1 a cargo de la Procuradur\u00eda Federal del Consumidor, con la finalidad de que sus datos personales no sean utilizados para recibir publicidad o promociones de empresas de bienes o servicios. Para m\u00e1s informaci\u00f3n sobre este registro, usted puede consultar el portal de Internet de la PROFECO (<a href=\"https:\/\/www.gob.mx\/profeco\">https:\/\/www.gob.mx\/profeco<\/a>), o bien ponerse en contacto directo con \u00e9sta.<\/p>\r\n<ol class=\"wp-block-list\" style=\"text-align: justify;\" start=\"7\">\r\n<li><strong>DEL EJERCICIO DE SUS DERECHOS COMO TITULAR DE LOS DATOS PERSONALES:<\/strong><\/li>\r\n<\/ol>\r\n<p style=\"text-align: justify;\">Como titular de los datos personales objeto del presente Aviso de Privacidad usted podr\u00e1 ejercitar sus derechos de Acceso, Rectificaci\u00f3n, Cancelaci\u00f3n u Oposici\u00f3n (Derechos ARCO), mismos que se encuentran consagrados en la Ley Federal de Protecci\u00f3n de Datos Personales en Posesi\u00f3n de los Particulares, as\u00ed como revocar su consentimiento para el uso de sus datos personales, mediante el env\u00edo de un correo electr\u00f3nico a la direcci\u00f3n contacto<a href=\"mailto:craig.white@iniciativaclimatica.org\">@iniciativaclimatica.org<\/a>\u00a0en donde lo atender\u00e1n para solventar cualquier solicitud de los titulares de la informaci\u00f3n, en un plazo no mayor de 15 d\u00edas h\u00e1biles contados a partir de la fecha en que se reciba la petici\u00f3n correspondiente, a trav\u00e9s del correo electr\u00f3nico que haya sido proporcionado para tal efecto.<\/p>\r\n<p style=\"text-align: justify;\">Con la finalidad de poder atender su solicitud, \u00e9sta deber\u00e1 satisfacer todos los requisitos estipulados en la Ley Federal de Protecci\u00f3n de Datos Personales en Posesi\u00f3n de los Particulares, como son:<\/p>\r\n<ul class=\"wp-block-list\" style=\"text-align: justify;\">\r\n<li>El nombre del titular, domicilio, n\u00famero telef\u00f3nico o correo electr\u00f3nico para comunicarle la respuesta a su solicitud.<\/li>\r\n<li>Los documentos que acrediten la identidad o, en su caso la representaci\u00f3n legal del titular.<\/li>\r\n<li>La descripci\u00f3n clara y precisa de los Datos Personales respecto de los que se busca ejercer alguno de los derechos antes mencionados (en caso de modificaci\u00f3n se deber\u00e1 indicar las modificaciones a realizar y aportar la documentaci\u00f3n que sustente su petici\u00f3n).<\/li>\r\n<li>Cualquier otro documento o elemento que facilite la localizaci\u00f3n de datos personales.<\/li>\r\n<\/ul>\r\n<p style=\"text-align: justify;\">Los documentos deber\u00e1n ser escaneados y adjuntados al correo electr\u00f3nico para verificar la veracidad de estos.<\/p>\r\n<ol class=\"wp-block-list\" style=\"text-align: justify;\" start=\"8\">\r\n<li><strong>\u00bfC\u00d3MO PUEDE REVOCAR SU CONSENTIMIENTO PARA EL USO DE SUS DATOS PERSONALES?<\/strong><\/li>\r\n<\/ol>\r\n<p style=\"text-align: justify;\">Usted puede revocar el consentimiento que, en su caso, nos haya otorgado para el tratamiento de sus datos personales. Sin embargo, es importante que tenga en cuenta que no en todos los casos podremos atender su solicitud o concluir el uso de forma inmediata, ya que es posible que por alguna obligaci\u00f3n legal requiramos seguir tratando sus datos personales. Asimismo, usted deber\u00e1 considerar que, para ciertos fines, la revocaci\u00f3n de su consentimiento implicar\u00e1 que no le podamos seguir prestando el servicio que nos solicit\u00f3, o la conclusi\u00f3n de su relaci\u00f3n con nosotros.<\/p>\r\n<p style=\"text-align: justify;\">Para revocar su consentimiento deber\u00e1 presentar una solicitud por escrito en el domicilio de alguna de las \u201cORGANIZACIONES\u201d, ubicados en: Amores 1120, Interior 102, Colonia del Valle, Alcald\u00eda Benito Ju\u00e1rez, Ciudad de M\u00e9xico, C.P.03100 y en Belisario Dom\u00ednguez 8, Planta alta, Coyoac\u00e1n, Ciudad de M\u00e9xico, C.P. 04100.<\/p>\r\n<p style=\"text-align: justify;\">El procedimiento y requisitos para la revocaci\u00f3n del consentimiento es el siguiente:<\/p>\r\n<ul class=\"wp-block-list\" style=\"text-align: justify;\">\r\n<li>Una vez recibida su solicitud para ejercer sus derechos ARCO debidamente integrada y con los requisitos legales vigentes, recibir\u00e1 contestaci\u00f3n de nuestra parte en un plazo no mayor a 20 d\u00edas h\u00e1biles.\u00a0<\/li>\r\n<li>Si resultara procedente, se har\u00e1 efectiva dentro de los 15 d\u00edas h\u00e1biles siguientes a que le comunicamos nuestra respuesta.<\/li>\r\n<li>En caso de estar inconforme con la respuesta notificada, tendr\u00e1 un plazo de 20 d\u00edas h\u00e1biles para ponerse en contacto con nosotros, indicando su inconformidad o inquietud, con la finalidad de resolver dicha situaci\u00f3n.<\/li>\r\n<li>En caso de no responder nuestra contestaci\u00f3n en el plazo se\u00f1alado, las \u201cORGANIZACIONES\u201d entienden de buena fe que est\u00e1 conforme con nuestra respuesta.<\/li>\r\n<\/ul>\r\n<ol class=\"wp-block-list\" style=\"text-align: justify;\" start=\"9\">\r\n<li><strong>EL USO DE COOKIES, WEB BEACONS O CUALQUIER OTRA TECNOLOG\u00cdA SIMILAR O AN\u00c1LOGA<\/strong><\/li>\r\n<\/ol>\r\n<p style=\"text-align: justify;\">Le informamos que en nuestra p\u00e1gina de Internet utilizamos cookies, web beacons y otras tecnolog\u00edas a trav\u00e9s de las cuales es posible monitorear su comportamiento como usuario de Internet, brindarle un mejor servicio y experiencia de usuario al navegar en nuestra p\u00e1gina, as\u00ed como ofrecerle informaci\u00f3n basados en sus preferencias.<\/p>\r\n<p style=\"text-align: justify;\">Los datos personales que obtenemos de estas tecnolog\u00edas de rastreo son los siguientes: horario de navegaci\u00f3n, tiempo de navegaci\u00f3n en nuestra p\u00e1gina de Internet, secciones consultadas, y p\u00e1ginas de Internet accedidas previo a la nuestra.<\/p>\r\n<p style=\"text-align: justify;\">Estas tecnolog\u00edas podr\u00e1n deshabilitarse siguiendo los siguientes pasos: 1. Acceder a nuestra p\u00e1gina de Internet, secci\u00f3n \u201cT\u00e9rminos y condiciones del sitio\u201d, subsecci\u00f3n \u201cCookies\u201d; 2. Dar clic en la subsecci\u00f3n \u201cCookies\u201d; 3. Leer el mensaje de advertencia sobre la deshabilitaci\u00f3n de cookies, y 4. Dar clic en la leyenda de activar el mecanismo de deshabilitaci\u00f3n de cookies.<\/p>\r\n<p style=\"text-align: justify;\">Para m\u00e1s informaci\u00f3n sobre el uso de estas tecnolog\u00edas, puede consultar nuestro sitio de Internet.<\/p>\r\n<ol class=\"wp-block-list\" style=\"text-align: justify;\" start=\"10\">\r\n<li><strong>CAMBIOS AL PRESENTE AVISO DE PRIVACIDAD<\/strong><\/li>\r\n<\/ol>\r\n<p style=\"text-align: justify;\">El presente Aviso de Privacidad podr\u00e1 ser modificado en el futuro por las \u201cORGANIZACIONES\u201d<strong>\u00a0<\/strong>sin restricci\u00f3n alguna. En todo caso, cualquier modificaci\u00f3n al mismo se har\u00e1 de su conocimiento mediante el env\u00edo de un correo electr\u00f3nico a la cuenta que usted nos proporcione inicialmente para hacer de su conocimiento el presente Aviso de Privacidad y\/o mediante la publicaci\u00f3n del mismo en la p\u00e1gina web: www.comunidadclimaticamexicana.mx.\u00a0<\/p>\r\n<ol class=\"wp-block-list\" style=\"text-align: justify;\" start=\"11\">\r\n<li><strong>QUEJAS Y DENUNCIAS POR EL TRATAMIENTO INDEBIDO DE DATOS PERSONALES<\/strong><\/li>\r\n<\/ol>\r\n<p style=\"text-align: justify;\">Si usted considera que su derecho de protecci\u00f3n de datos personales ha sido lesionado por alguna conducta de nuestros empleados, encargados o de nuestras actuaciones o respuestas, y presume que en el tratamiento de sus datos personales existe alguna violaci\u00f3n a las disposiciones previstas en la Ley, podr\u00e1 interponer la queja o denuncia correspondiente ante el Instituto Nacional de Transparencia, Acceso a la Informaci\u00f3n y Protecci\u00f3n de Datos Personales (\u201cINAI\u201d), para mayor informaci\u00f3n visite\u00a0<a href=\"https:\/\/home.inai.org.mx\/\">https:\/\/home.inai.org.mx\/<\/a>.<\/p>\r\n<ol class=\"wp-block-list\" style=\"text-align: justify;\">\r\n<li><strong>Consentimiento expreso\u00a0<\/strong><\/li>\r\n<\/ol>\r\n<p style=\"text-align: justify;\">Hacemos de su conocimiento que sus datos personales ser\u00e1n resguardados bajo estrictas medidas de seguridad administrativas, t\u00e9cnicas y f\u00edsicas las cuales han sido implementadas con el objeto de proteger sus datos personales contra da\u00f1o, p\u00e9rdida, alteraci\u00f3n, destrucci\u00f3n o el uso o acceso o tratamiento no autorizado.<\/p>\r\n<p style=\"text-align: justify;\">La p\u00e1gina web de la CCM, gestionada por las \u201cORGANIZACIONES\u201d, puede llegar a conectar con ciertos links de otras p\u00e1ginas web que pertenecen a terceros sobre los que las \u201cORGANIZACIONES\u201d no tienen control alguno. En estos supuestos las \u201cORGANIZACIONES\u201d no asumen responsabilidad alguna ni compromiso sobre las pol\u00edticas de privacidad de la informaci\u00f3n contenidas en esas p\u00e1ginas.\u00a0<\/p>\r\n<p style=\"text-align: justify;\">Esta declaraci\u00f3n de Privacidad est\u00e1 sujeta a la Pol\u00edtica de Privacidad de las \u201cORGANIZACIONES\u201d lo cual constituye un acuerdo legal entre usted y las \u201cORGANIZACIONES\u201d.<\/p>\r\n<ol class=\"wp-block-list\" style=\"text-align: justify;\" start=\"2\">\r\n<li><strong>Datos de Contacto\u00a0<\/strong><\/li>\r\n<\/ol>\r\n<p style=\"text-align: justify;\">En caso de tener dudas o comentarios respecto del presente Aviso de Privacidad, as\u00ed como para ejercitar sus derechos ARCO le proporcionamos nuestros datos de contacto:\u00a0<\/p>\r\n<p style=\"text-align: justify;\"><strong>INICIATIVA CLIMATICA DE MEXICO, A.C.<\/strong><\/p>\r\n<p style=\"text-align: justify;\">Domicilio: Amores 1120, Interior 102, Colonia del Valle, Alcald\u00eda Benito Ju\u00e1rez, Ciudad de M\u00e9xico, C.P.03100.<\/p>\r\n<p style=\"text-align: justify;\">Tel\u00e9fono: 55 5335 1282<\/p>\r\n<p style=\"text-align: justify;\">Correo:\u00a0<a href=\"mailto:contacto@iniciativaclimatica.org\">contacto@iniciativaclimatica.org<\/a><\/p>\r\n<p style=\"text-align: justify;\"><strong>CENTRO DE TRANSPORTE SUSTENTABLE DE M\u00c9XICO, A.C.\u00a0<\/strong>con nombre comercial de WORLD RESOURCES INSTITUTE M\u00c9XICO.<\/p>\r\n<p style=\"text-align: justify;\">Domicilio: Belisario Dom\u00ednguez 8, Planta alta, Coyoac\u00e1n, Ciudad de M\u00e9xico, C.P. 04100<\/p>\r\n<p style=\"text-align: justify;\">Tel\u00e9fono: (55) 3096 5742.<\/p>\r\n<p style=\"text-align: justify;\"><strong>\u00daltima actualizaci\u00f3n: 16 de diciembre de 2021.\u00a0<\/strong><\/p>\r\n<\/div>\r\n\r\n<p style=\"text-align: justify;\">\u00a0<\/p>","protected":false},"excerpt":{"rendered":"Aviso de privacidad De conformidad con las disposiciones establecidas en la Ley Federal de Protecci\u00f3n de Datos Personales en Posesi\u00f3n de Particulares (la \u201cLey\u201d), y dem\u00e1s relacionadas, nos permitimos informarle mediante este documento, sobre las caracter\u00edsticas y finalidades del tratamiento que se dar\u00e1 a sus datos personales que obran en posesi\u00f3n del\u00a0CENTRO DE TRANSPORTE SUSTENTABLE[&#8230;]","protected":false},"author":1,"featured_media":0,"parent":0,"menu_order":0,"comment_status":"closed","ping_status":"open","template":"","meta":{"footnotes":""},"class_list":["post-3","page","type-page","status-publish","hentry"],"_links":{"self":[{"href":"https:\/\/ccm-wordpress.aidgreen.mx\/index.php?rest_route=\/wp\/v2\/pages\/3","targetHints":{"allow":["GET"]}}],"collection":[{"href":"https:\/\/ccm-wordpress.aidgreen.mx\/index.php?rest_route=\/wp\/v2\/pages"}],"about":[{"href":"https:\/\/ccm-wordpress.aidgreen.mx\/index.php?rest_route=\/wp\/v2\/types\/page"}],"author":[{"embeddable":true,"href":"https:\/\/ccm-wordpress.aidgreen.mx\/index.php?rest_route=\/wp\/v2\/users\/1"}],"replies":[{"embeddable":true,"href":"https:\/\/ccm-wordpress.aidgreen.mx\/index.php?rest_route=%2Fwp%2Fv2%2Fcomments&post=3"}],"version-history":[{"count":3,"href":"https:\/\/ccm-wordpress.aidgreen.mx\/index.php?rest_route=\/wp\/v2\/pages\/3\/revisions"}],"predecessor-version":[{"id":2965,"href":"https:\/\/ccm-wordpress.aidgreen.mx\/index.php?rest_route=\/wp\/v2\/pages\/3\/revisions\/2965"}],"wp:attachment":[{"href":"https:\/\/ccm-wordpress.aidgreen.mx\/index.php?rest_route=%2Fwp%2Fv2%2Fmedia&parent=3"}],"curies":[{"name":"wp","href":"https:\/\/api.w.org\/{rel}","templated":true}]}}